{"id":1074,"date":"2023-05-31T13:58:07","date_gmt":"2023-05-31T11:58:07","guid":{"rendered":"https:\/\/mueckenhausen.de\/bus\/?page_id=1074"},"modified":"2023-12-07T14:20:08","modified_gmt":"2023-12-07T13:20:08","slug":"reiseprogramm","status":"publish","type":"page","link":"https:\/\/mueckenhausen.de\/bus\/reiseprogramm\/","title":{"rendered":"Reiseprogramm"},"content":{"rendered":"<section class=\"l-section wpb_row height_medium\"><div class=\"l-section-h i-cf\"><div class=\"g-cols vc_row via_flex valign_top type_default stacking_default\"><div class=\"vc_col-sm-12 wpb_column vc_column_container\"><div class=\"vc_column-inner\"><div class=\"wpb_wrapper\"><div class=\"wpb_text_column\"><div class=\"wpb_wrapper\"><h2 class=\"p1\">Wieder einmal Fernweh?<\/h2>\n<p class=\"p1\"><strong>Entdeckt mit M\u00fcckenhausen Bus die aufregendsten Reiseziele im Jahr 2024!<\/strong><\/p>\n<p dir=\"ltr\">Plant ihr bereits eure n\u00e4chsten Abenteuer? Dann lasst uns gemeinsam eine unvergessliche Reise gestalten, die euch zu den faszinierendsten Orten bringt. Mit unserem vielf\u00e4ltigen Reiseprogramm m\u00f6chten wir eure Reiselust wecken und euch unvergessliche Erlebnisse erm\u00f6glichen.<\/p>\n<p dir=\"ltr\">Unsere komfortablen Reisebusse bringen euch sicher und bequem zu den sch\u00f6nsten Destinationen Deutschlands und Europas. Bucht jetzt eure n\u00e4chste Reise und entdeckt die Welt mit uns. Kommt mit und lasst uns unvergessliche Erinnerungen schaffen!<\/p>\n<p class=\"p1\"><strong>Neugierig geworden? Dann gleich durchbl\u00e4ttern!<\/strong><\/p>\n<\/div><\/div><div class=\"w-separator size_medium\"><\/div>[vc_raw_html]JTNDZGl2JTIwY2xhc3MlM0QlMjJrYXRhbG9nLWJlcmVpY2glMjIlM0UlM0NpZnJhbWUlMjBjbGFzcyUzRCUyMmthdGFsb2clMjIlMjBzcmMlM0QlMjJodHRwcyUzQSUyRiUyRnd3dy5wYW5vcmFtYS1uZXQuZGUlMkZtdWVja2VuaGF1c2VuJTJGJTIyJTIwd2lkdGglM0QlMjIxMDAlMjUlMjIlMjBoZWlnaHQlM0QlMjIxMDAlMjUlMjIlMjBuYW1lJTNEJTIycmVpc2Vwcm9ncmFtbSUyMiUyMHRpdGxlJTNEJTIyTSVDMyVCQ2NrZW5oYXVzZW4lMjBSZWlzZXByb2dyYW1tJTIwMjAyMyUyMiUzRSUzQyUyRmlmcmFtZSUzRSUzQyUyRmRpdiUzRQ==[\/vc_raw_html]<\/div><\/div><\/div><\/div><\/div><\/section>\n","protected":false},"excerpt":{"rendered":"Wieder einmal Fernweh? Entdeckt mit M\u00fcckenhausen Bus die aufregendsten Reiseziele im Jahr 2024! Plant ihr bereits eure n\u00e4chsten Abenteuer? Dann lasst uns gemeinsam eine unvergessliche Reise gestalten, die euch zu den faszinierendsten Orten bringt. Mit unserem vielf\u00e4ltigen Reiseprogramm m\u00f6chten wir eure Reiselust wecken und euch unvergessliche Erlebnisse erm\u00f6glichen. Unsere komfortablen Reisebusse bringen euch sicher und...","protected":false},"author":6,"featured_media":1296,"parent":0,"menu_order":0,"comment_status":"closed","ping_status":"closed","template":"","meta":{"footnotes":""},"_links":{"self":[{"href":"https:\/\/mueckenhausen.de\/bus\/wp-json\/wp\/v2\/pages\/1074"}],"collection":[{"href":"https:\/\/mueckenhausen.de\/bus\/wp-json\/wp\/v2\/pages"}],"about":[{"href":"https:\/\/mueckenhausen.de\/bus\/wp-json\/wp\/v2\/types\/page"}],"author":[{"embeddable":true,"href":"https:\/\/mueckenhausen.de\/bus\/wp-json\/wp\/v2\/users\/6"}],"replies":[{"embeddable":true,"href":"https:\/\/mueckenhausen.de\/bus\/wp-json\/wp\/v2\/comments?post=1074"}],"version-history":[{"count":13,"href":"https:\/\/mueckenhausen.de\/bus\/wp-json\/wp\/v2\/pages\/1074\/revisions"}],"predecessor-version":[{"id":1711,"href":"https:\/\/mueckenhausen.de\/bus\/wp-json\/wp\/v2\/pages\/1074\/revisions\/1711"}],"wp:featuredmedia":[{"embeddable":true,"href":"https:\/\/mueckenhausen.de\/bus\/wp-json\/wp\/v2\/media\/1296"}],"wp:attachment":[{"href":"https:\/\/mueckenhausen.de\/bus\/wp-json\/wp\/v2\/media?parent=1074"}],"curies":[{"name":"wp","href":"https:\/\/api.w.org\/{rel}","templated":true}]}}