{"id":2186,"date":"2024-02-08T14:49:29","date_gmt":"2024-02-08T13:49:29","guid":{"rendered":"https:\/\/mueckenhausen.de\/bus\/?page_id=2186"},"modified":"2024-02-08T15:52:59","modified_gmt":"2024-02-08T14:52:59","slug":"reisebedingungen","status":"publish","type":"page","link":"https:\/\/mueckenhausen.de\/bus\/reisebedingungen\/","title":{"rendered":"Reisebedingungen"},"content":{"rendered":"<h1>Reisebedingungen<\/h1>\n<p class=\"p2\"><span class=\"s1\"><b>S<\/b><\/span><b>ehr geehrte Kunden, die nachfolgenden Bestimmungen werden, soweit wirksam vereinbart, Inhalt des zwischen Ihnen und M\u00fcckenhausen Busunternehmen GmbH, Industriesiedlung 6-8, 84140 Gangkofen, nachstehend \u201eReiseveranstalter\u201c abgek\u00fcrzt, im Buchungsfall ab dem 01.07.2018 zustande kommenden Pauschalreisevertrages. Sie erg\u00e4nzen die gesetzlichen Vorschriften der \u00a7\u00a7 651a \u2013 y BGB (B\u00fcrgerliches Gesetzbuch) und der Artikel 250 und 252 des EGBGB (Einf\u00fchrungsgesetz zum BGB) und f\u00fcllen diese aus. Bitte lesen Sie diese Reisebedingungen vor Ihrer Buchung sorgf\u00e4ltig durch!<\/b><\/p>\n<h2 class=\"p2\"><b>1. Abschluss des Reisevertrages, Verp<\/b><span class=\"s2\"><b>fl<\/b><\/span><b>ichtungen des Kunden <\/b><\/h2>\n<p class=\"p2\"><b>1.1. <\/b>F\u00fcr alle Buchungswege gilt:<\/p>\n<p class=\"p2\">a) Grundlage des Angebots des Reiseveranstalters und der Buchung des Kunden sind die Reiseausschreibung und die erg\u00e4nzenden Informationen vom Reiseveranstalter f\u00fcr die jeweilige Reise, soweit diese dem Kunden bei der Buchung vorliegen.<\/p>\n<p class=\"p2\">b) Weicht der Inhalt der Reisebest\u00e4tigung vom Reiseveranstalter vom Inhalt der Buchung ab, so liegt ein neues Angebot vom Reiseveranstalter vor, an das der Reiseveranstalter f\u00fcr die Dauer von 7 Tagen gebunden ist. Der Vertrag kommt auf der Grundlage dieses neuen Angebots zustande, soweit der Reiseveranstalter bez\u00fcglich des neuen Angebots auf die \u00c4nderung hingewiesen und seine vorvertraglichen Informationspflichten erf\u00fcllt hat und der Kunde innerhalb der Bindungsfrist dem Reiseveranstalter die Annahme durch ausdr\u00fcckliche Erkl\u00e4rung oder Anzahlung erkl\u00e4rt.<\/p>\n<p class=\"p2\">c) Die vom Reiseveranstalter gegebenen vorvertraglichen Informationen \u00fcber wesentliche Eigenschaften der Reiseleistungen, den Reisepreis und alle zus\u00e4tzlichen Kosten, die Zahlungsmodalit\u00e4ten, die Mindestteilnehmerzahl und die Stornopauschalen (gem. Artikel 250 \u00a7 3 Nummer 1, 3 bis 5 und 7 EGBGB) werden nur dann nicht Bestandteil des Pauschalreisevertrages, sofern dies zwischen den Parteien ausdr\u00fccklich vereinbart ist.<\/p>\n<p class=\"p2\">d) Der Kunde haftet f\u00fcr alle vertraglichen Verpflichtungen von Mitreisenden, f\u00fcr die er die Buchung vornimmt, wie f\u00fcr seine eigenen, soweit er eine entsprechende Verpflichtung durch ausdr\u00fcckliche und gesonderte Erkl\u00e4rung \u00fcbernommen hat.<\/p>\n<p class=\"p2\"><b>1.2. <\/b>F\u00fcr die Buchung, die m\u00fcndlich, telefonisch, schriftlich, per E-Mail, per SMS oder per Telefax erfolgt, gilt:<\/p>\n<p class=\"p2\">a) Solche Buchungen (au\u00dfer m\u00fcndliche und telefonische) sollen mit dem Buchungsformular vom Reiseveranstalter erfolgen (bei E-Mails durch \u00dcbermittlung des ausgef\u00fcllten und unterzeichneten Buchungsformulars als Anhang). Mit der Buchung bietet der Kunde dem Reiseveranstalter den Abschluss des Pauschalreisevertrages verbindlich an. An die Buchung ist der Kunde 7 Werktage gebunden.<\/p>\n<p class=\"p2\">b) Der Vertrag kommt mit dem Zugang der Reisebest\u00e4tigung (Annahmeerkl\u00e4rung) durch den Reiseveranstalter zustande. Bei oder unverz\u00fcglich nach Vertragsschluss wird vom Reiseveranstalter dem Kunden eine den gesetzlichen Vorgaben zu deren Inhalt entsprechende Reisebest\u00e4tigung in Textform \u00fcbermitteln, sofern der Reisende nicht Anspruch auf eine Reisebest\u00e4tigung in Papierform nach Art. 250 \u00a7 6 Abs. (1) Satz 2 EGBGB hat, weil der Vertragsschluss in gleichzeitiger k\u00f6rperlicher Anwesenheit beider Parteien oder au\u00dferhalb von Gesch\u00e4ftsr\u00e4umen erfolgte.<\/p>\n<p class=\"p2\"><b>1.3. <\/b>Bei Buchungen im elektronischen Gesch\u00e4ftsverkehr (z.B. Internet, App, Telemedien) gilt f\u00fcr den Vertragsabschluss:<\/p>\n<p class=\"p2\">a) Dem Kunden wird der Ablauf der elektronischen Buchung in der entsprechenden Anwendung vom Reiseveranstalter erl\u00e4utert.<\/p>\n<p class=\"p2\">b) Dem Kunden steht zur Korrektur seiner Eingaben, zur L\u00f6schung oder zum Zur\u00fccksetzen des gesamten Buchungsformulars eine entsprechende Korrekturm\u00f6glichkeit zur Verf\u00fcgung, deren Nutzung erl\u00e4utert wird.<\/p>\n<p class=\"p2\">c) Die zur Durchf\u00fchrung der Onlinebuchung angebotenen Vertragssprachen sind angegeben. Rechtlich ma\u00dfgeblich ist ausschlie\u00dflich die deutsche Sprache.<\/p>\n<p class=\"p2\">d) Soweit der Vertragstext vom Reiseveranstalter im Onlinebuchungssystem gespeichert wird, wird der Kunde dar\u00fcber und \u00fcber die M\u00f6glichkeit zum sp\u00e4teren Abruf des Vertragstextes unterrichtet.<\/p>\n<p class=\"p2\">e) Mit Bet\u00e4tigung des Buttons (der Schaltfl\u00e4che) \u201ezahlungspflichtig buchen\u201c bietet der Kunde dem Reiseveranstalter den Abschluss des Pauschalreisevertrages verbindlich an. An dieses Vertragsangebot ist der Kunde 5 Werktage ab Absendung der elektronischen Erkl\u00e4rung gebunden.<\/p>\n<p class=\"p2\">f) Dem Kunden wird der Eingang seiner Buchung unverz\u00fcglich auf elektronischem Weg best\u00e4tigt.<\/p>\n<p class=\"p2\">g) Die \u00dcbermittlung der Buchung durch Bet\u00e4tigung des Buttons \u201ezahlungspflichtig buchen\u201c begr\u00fcndet keinen Anspruch des Kunden auf das Zustandekommen eines Pauschalreisevertrages entsprechend seiner Buchungsangaben. Der Reiseveranstalter ist vielmehr frei in der Entscheidung, das Vertragsangebot des Kunden anzunehmen oder nicht.<\/p>\n<p class=\"p2\">h) Der Vertrag kommt durch den Zugang der Reisebest\u00e4tigung vom Reiseveranstalter beim Kunden zu Stande.<\/p>\n<p class=\"p2\">i) Erfolgt die Reisebest\u00e4tigung sofort nach Vornahme der Buchung des Kunden durch Bet\u00e4tigung des Buttons \u201ezahlungspflichtig buchen\u201c durch entsprechende unmittelbare Darstellung der Reisebest\u00e4tigung am Bildschirm (Buchung in Echtzeit), so kommt der Pauschalreisevertrag mit Zugang und Darstellung dieser Reisebest\u00e4tigung beim Kunden am Bildschirm zu Stande, ohne dass es einer Zwischenmitteilung \u00fcber den Eingang seiner Buchung nach f) bedarf, soweit dem Kunden die M\u00f6glichkeit zur Speicherung auf einem dauerhaften Datentr\u00e4ger und zum Ausdruck der Reisebest\u00e4tigung angeboten wird. Die Verbindlichkeit des Pauschalreisevertrages ist jedoch nicht davon abh\u00e4ngig, dass der Kunde diese M\u00f6glichkeiten zur Speicherung oder zum Ausdruck tats\u00e4chlich nutzt. Der Reiseveranstalter wird dem Kunden zus\u00e4tzlich eine Ausfertigung der Reisebest\u00e4tigung in Textform \u00fcbermitteln.<\/p>\n<p class=\"p2\"><b>1.4. <\/b>Der Reiseveranstalter weist darauf hin, dass nach den gesetzlichen Vorschriften (\u00a7\u00a7 312 Abs. 7, 312g Abs. 2 Satz 1 Nr. 9 BGB) bei Pauschalreisevertr\u00e4gen nach \u00a7 651a und \u00a7 651c BGB, die im Fernabsatz (Briefe, Kataloge, Telefonanrufe, Telekopien, E-Mails, \u00fcber Mobilfunkdienst versendete Nachrichten (SMS) sowie Rundfunk, Telemedien und Onlinedienste) abgeschlossen wurden, kein Widerrufsrecht besteht, sondern lediglich die gesetzlichen R\u00fccktritts- und K\u00fcndigungsrechte, insbesondere das R\u00fccktrittsrecht gem\u00e4\u00df \u00a7 651h BGB (siehe hierzu auch Ziff. 5). Ein Widerrufsrecht besteht jedoch, wenn der Vertrag \u00fcber Reiseleistungen nach \u00a7 651a BGB au\u00dferhalb von Gesch\u00e4ftsr\u00e4umen geschlossen worden ist, es sei denn, die m\u00fcndlichen Verhandlungen, auf denen der Vertragsschluss beruht, sind auf vorhergehende Bestellung des Verbrauchers gef\u00fchrt worden; im letztgenannten Fall besteht ein Widerrufsrecht ebenfalls nicht.<\/p>\n<h2 class=\"p2\"><b>2. Bezahlung <\/b><\/h2>\n<p class=\"p2\"><b>2.1. <\/b>Der Reiseveranstalter und Reisevermittler d\u00fcrfen Zahlungen auf den Reisepreis vor Beendigung der Pauschalreise nur fordern oder annehmen, wenn ein wirksamer Kundengeldabsicherungsvertrag besteht und dem Kunden der Sicherungsschein mit Namen und Kontaktdaten des Kundengeldabsicherers in klarer, verst\u00e4ndlicher und hervorgehobener Weise \u00fcbergeben wurde. Nach Vertragsabschluss wird gegen Aush\u00e4ndigung des Sicherungsscheines eine <b>Anzahlung in H\u00f6he von 20% des Reisepreises zur Zahlung f\u00e4llig. Die Restzahlung wird 21 Tage vor Reisebeginn f\u00e4llig<\/b>, sofern der Sicherungsschein \u00fcbergeben ist und die Reise nicht mehr aus dem in Ziffer 7 genannten Grund abgesagt werden kann. Bei Buchungen k\u00fcrzer <b>14 Tage als vor Reisebeginn ist der gesamte Reisepreis sofort zahlungsf\u00e4llig<\/b>.<\/p>\n<p class=\"p2\"><b>2.2. <\/b>Leistet der Kunde die Anzahlung und\/oder die Restzahlung nicht entsprechend den vereinbarten Zahlungsf\u00e4lligkeiten, obwohl der Reiseveranstalter zur ordnungsgem\u00e4\u00dfen Erbringung der vertraglichen Leistungen bereit und in der Lage ist, seine gesetzlichen Informationspflichten erf\u00fcllt hat und kein gesetzliches oder vertragliches Zur\u00fcckbehaltungsrecht des Kunden besteht, so ist der Reiseveranstalter berechtigt, nach Mahnung mit Fristsetzung vom Pauschalreisevertrag zur\u00fcckzutreten und den Kunden mit R\u00fccktrittskosten gem\u00e4\u00df Ziffer 5 zu belasten.<\/p>\n<h2 class=\"p2\"><b>3. R\u00fccktritt durch den Kunden vor Reisebeginn\/Stornokosten <\/b><\/h2>\n<p class=\"p2\"><b>3.1. <\/b>Der Kunde kann jederzeit vor Reisebeginn vom Pauschalreisevertrag zur\u00fccktreten. Der R\u00fccktritt ist gegen\u00fcber vom Reiseveranstalter unter der vorstehend\/nachfolgend angegebenen Anschrift zu erkl\u00e4ren, falls die Reise \u00fcber einen Reisevermittler gebucht wurde, kann der R\u00fccktritt auch diesem gegen\u00fcber erkl\u00e4rt werden. Dem Kunden wird empfohlen, den R\u00fccktritt in Textform zu erkl\u00e4ren.<\/p>\n<p class=\"p2\"><b>3.2. <\/b>Tritt der Kunde vor Reisebeginn zur\u00fcck oder tritt er die Reise nicht an, so verliert der Reiseveranstalter den Anspruch auf den Reisepreis. Stattdessen kann der Reiseveranstalter eine angemessene Entsch\u00e4digung verlangen, soweit der R\u00fccktritt nicht von ihm zu vertreten ist oder am Bestimmungsort oder in dessen unmittelbarer N\u00e4he unvermeidbare, au\u00dfergew\u00f6hnliche Umst\u00e4nde auftreten, die die Durchf\u00fchrung der Pauschalreise oder die Bef\u00f6rderung von Personen an den Bestimmungsort erheblich beeintr\u00e4chtigen; Umst\u00e4nde sind unvermeidbar und au\u00dfergew\u00f6hnlich, wenn sie nicht der Kontrolle vom Reiseveranstalter unterliegen, und sich ihre Folgen auch dann nicht h\u00e4tten vermeiden lassen, wenn alle zumutbaren Vorkehrungen getroffen worden w\u00e4ren. Der Reiseveranstalter hat die nachfolgenden Entsch\u00e4digungspauschalen unter Ber\u00fccksichtigung des Zeitraums zwischen der R\u00fccktrittserkl\u00e4rung und dem Reisebeginn sowie unter Ber\u00fccksichtigung der erwarteten Ersparnis von Aufwendungen und des erwarteten Erwerbs durch anderweitige Verwendungen der Reiseleistungen festgelegt. Unter Beachtung des Zeitpunkts des Zugangs der R\u00fccktrittserkl\u00e4rung des Kunden beim Reiseveranstalter wird die pauschale Entsch\u00e4digung wie folgt mit der jeweiligen Stornostaffel berechnet.<\/p>\n<p class=\"p2\">Erfolgt der R\u00fccktritt bei einer Tagesfahrt ab 6. Tag vor Reisebeginn 50%<\/p>\n<p class=\"p2\">Bei Nichtantritt \u20ac 25,00 ggf. zzgl. Kosten f\u00fcr Zusatzleistungen<\/p>\n<p class=\"p2\">Erfolgt der R\u00fccktritt bei einer Mehrtagesfahrt<\/p>\n<p class=\"p2\">bis 45 Tage vor Reisebeginn 20%<\/p>\n<p class=\"p2\">44-22 Tage vor Reisebeginn 30%<\/p>\n<p class=\"p2\">21-14 Tage vor Reisebeginn 50%<\/p>\n<p class=\"p2\">13-7 Tage vor Reisebeginn 75%<\/p>\n<p class=\"p2\">Ab 6. Tag vor Reisebeginn 80%<\/p>\n<p class=\"p2\">Bei Nichtantritt 90%<\/p>\n<p class=\"p2\"><b>3.3. <\/b>Dem Kunden bleibt es in jedem Fall unbenommen, dem Reiseveranstalter nachzuweisen, dass vom Reiseveranstalter \u00fcberhaupt kein oder ein wesentlich niedrigerer Schaden entstanden ist, als die vom Reiseveranstalter geforderte Entsch\u00e4digungspauschale.<\/p>\n<p class=\"p2\"><b>3.4. <\/b>Der Reiseveranstalter beh\u00e4lt sich vor, anstelle der vorstehenden Pauschalen eine h\u00f6here, konkrete Entsch\u00e4digung zu fordern, soweit der Reiseveranstalter nachweist, dass vom Reiseveranstalter wesentlich h\u00f6here Aufwendungen als die jeweils anwendbare Pauschale entstanden sind. In diesem Fall ist der Reiseveranstalter verpflichtet, die geforderte Entsch\u00e4digung unter Ber\u00fccksichtigung der ersparten Aufwendungen und einer etwaigen, anderweitigen Verwendung der Reiseleistungen konkret zu beziffern und zu belegen.<\/p>\n<p class=\"p2\"><b>3.5. <\/b>Ist der Reiseveranstalter infolge eines R\u00fccktritts zur R\u00fcckerstattung des Reisepreises verpflichtet, hat der Reiseveranstalter unverz\u00fcglich, auf jeden Fall aber innerhalb von 14 Tagen nach Zugang der R\u00fccktrittserkl\u00e4rung, zu leisten.<\/p>\n<p class=\"p2\"><b>3.6. <\/b>Das gesetzliche Recht des Kunden, gem\u00e4\u00df \u00a7 651 e BGB vom Reiseveranstalter durch Mitteilung auf einem dauerhaften Datentr\u00e4ger zu verlangen, dass statt seiner ein Dritter in die Rechte und Pflichten aus dem Pauschalreisevertrag eintritt, bleibt durch die vorstehenden Bedingungen unber\u00fchrt. Eine solche Erkl\u00e4rung ist in jedem Fall rechtzeitig, wenn sie vom Reiseveranstalter 7 Tage vor Reisebeginn zugeht.<\/p>\n<p class=\"p2\"><b>3.7. <\/b>Der Abschluss einer Reiser\u00fccktrittskostenversicherung sowie einer Versicherung zur Deckung der R\u00fcckf\u00fchrungskosten bei Unfall oder Krankheit wird dringend empfohlen.<\/p>\n<h2 class=\"p2\"><b>4. Alternative Streitbeilegung; Rechtswahl und Gerichtsstand <\/b><\/h2>\n<p class=\"p2\"><b>4.1. <\/b>Der Reiseveranstalter weist im Hinblick auf das Gesetz \u00fcber Verbraucherstreitbeilegung darauf hin, dass der Reiseveranstalter nicht an einer freiwilligen Verbraucherstreitbeilegung teilnimmt. Der Reiseveranstalter weist f\u00fcr alle Reisevertr\u00e4ge, die im elektronischen Rechtsverkehr geschlossen wurden, auf die europ\u00e4ische Online-Streitbeilegungs- Plattform https:\/\/ec.europa.eu\/consumers\/odr\/ hin.<\/p>\n<p class=\"p2\"><b>4.2. <\/b>F\u00fcr Kunden\/Reisende, die nicht Angeh\u00f6rige eines Mitgliedstaats der Europ\u00e4ischen Union oder Schweizer Staatsb\u00fcrger sind, wird f\u00fcr das gesamte Rechts- und Vertragsverh\u00e4ltnis zwischen dem Kunden\/Reisenden und dem Reiseveranstalter die ausschlie\u00dfliche Geltung des deutschen Rechts vereinbart. Solche Kunden\/Reisende k\u00f6nnen vom Reiseveranstalter ausschlie\u00dflich an deren Sitz verklagen.<\/p>\n<p class=\"p2\"><b>4.3. <\/b>F\u00fcr Klagen vom Reiseveranstalter gegen Kunden, bzw. Vertragspartner des Pauschalreisevertrages, die Kaufleute, juristische Personen des \u00f6ffentlichen oder privaten Rechts oder Personen sind, die ihren Wohnsitz oder gew\u00f6hnlichen Aufenthaltsort im Ausland haben, oder deren Wohnsitz oder gew\u00f6hnlicher Aufenthalt im Zeitpunkt der Klageerhebung nicht bekannt ist, wird als Gerichtsstand der Sitz vom Reiseveranstalter vereinbart.<\/p>\n<p class=\"p2\">Formblatt zur Unterrichtung des Reisenden bei einer Pauschalreise nach \u00a7651a des B\u00fcrgerlichen Gesetzbuches.<\/p>\n<p class=\"p2\">Bei der Ihnen angebotenen Kombination von Reiseleistungen handelt es sich um eine Pauschalreise im Sinne der Richtlinie (EU) 2015\/2302 Daher k\u00f6nnen Sie alle EU-Rechte in Anspruch nehmen, die f\u00fcr Pauschalreisen gelten. M\u00fcckenhausen Busunternehmen GmbH tr\u00e4gt die volle Verantwortung \u00fcber die gesetzlich vorgeschriebene Absicherung f\u00fcr die R\u00fcckzahlung Ihrer Zahlungen und falls der Transport in der Pauschalreise inbegriffen ist, zur Sicherstellung Ihrer R\u00fcckbef\u00f6rderung im Falle seiner Insolvenz. Wichtigste Rechte nach der Richtlinie (EU) 2015\/2302<\/p>\n<p class=\"p2\">\u2013 Die Reisenden erhalten alle wesentlichen Informationen \u00fcber die Pauschalreise vor Abschluss des Pauschalreisevertrags.<\/p>\n<p class=\"p2\">\u2013 Es haftet immer mindestens ein Unternehmer f\u00fcr die ordnungsgem\u00e4\u00dfe Erbringung aller im Vertrag inbegriffenen Reiseleistungen<\/p>\n<p class=\"p2\">\u2013 Die Reisenden erhalten eine Notruftelefonnummer oder Angaben einer Kontaktstelle, \u00fcber die sie sich mit dem Reiseveranstalter oder dem Reiseb\u00fcro in Verbindung setzten k\u00f6nnen.<\/p>\n<p class=\"p2\">\u2013 Die Reisenden k\u00f6nnen die Pauschalreise \u2013 innerhalb einer angemessenen Frist und unter Umst\u00e4nden unter zus\u00e4tzlichen Kosten \u2013 auf eine andere Person \u00fcbertragen.<\/p>\n<p class=\"p2\">\u2013 Der Preis der Pauschalreise darf nur erh\u00f6ht werden, wenn bestimmte Kosten (zum Beispiel Treibstoffpreise) sich erh\u00f6hen und wenn dies im Vertrag ausdr\u00fccklich vorgesehen ist, und in jedem Fall bis sp\u00e4testens 20 Tage vor Beginn der Pauschalreise. Wenn die Preiserh\u00f6hung 8% des Pauschalreisepreises \u00fcbersteigt, kann der Reisende vom Vertrag zur\u00fccktreten. Wenn sich ein Reiseveranstalter das Recht auf eine Preiserh\u00f6hung vorbeh\u00e4lt, hat der Reisende das Recht auf eine Preissenkung, wenn die entsprechenden Kosten sich verringern.<\/p>\n<p class=\"p2\">\u2013 Die Reisenden k\u00f6nnen ohne Zahlung einer R\u00fccktrittsgeb\u00fchr vom Vertrag zur\u00fccktreten und erhalten eine volle Erstattung aller Zahlungen, wenn einer der wesentlichen Bestandteile der Pauschalreise mit Ausnahme des Preises erheblich ge\u00e4ndert wird. Wenn der f\u00fcr die Pauschalreise verantwortliche Unternehmer die Pauschalreise vor Beginn der Pauschalreise absagt, haben die Reisenden Anspruch auf eine Kostenerstattung und unter Umst\u00e4nden auf eine Entsch\u00e4digung.<\/p>\n<p class=\"p2\">\u2013 Die Reisenden k\u00f6nnen bei Eintritt au\u00dfergew\u00f6hnlicher Umst\u00e4nde vor Beginn der Pauschalreise ohne Zahlung einer R\u00fccktrittsgeb\u00fchr vom Vertrag zur\u00fccktreten, beispielsweise wenn am Bestimmungsort schwerwiegende Sicherheitsprobleme bestehen, die die Pauschalreise voraussichtlich beeintr\u00e4chtigen.<\/p>\n<p class=\"p2\">\u2013 Zudem k\u00f6nnen die Reisenden jederzeit vor Beginn der Pauschalreise gegen Zahlung einer angemessenen und vertretbaren R\u00fccktrittsgeb\u00fchr vom Vertrag zur\u00fccktreten.<\/p>\n<p class=\"p2\">\u2013 K\u00f6nnen nach Beginn der Pauschalreise wesentliche Bestandteile der Pauschalreise nicht vereinbarungsgem\u00e4\u00df durchgef\u00fchrt werden, so sind dem Reisenden angemessene andere Vorkehrungen ohne Mehrkosten anzubieten. Der Reisende kann ohne Zahlung einer R\u00fccktrittsgeb\u00fchr vom Vertrag zur\u00fccktreten (in der Bundesrepublik Deutschland hei\u00dft dieses Recht \u201eK\u00fcndigung\u201c), wenn Leistungen nicht gem\u00e4\u00df dem Vertrag erbracht werden und dies erhebliche Auswirkungen auf die Erbringung der vertraglichen Pauschalreiseleistungen hat und der Reiseveranstalter es vers\u00e4umt, Abhilfe zu schaffen.<\/p>\n<p class=\"p2\">\u2013 Der Reisende hat Anspruch auf eine Preisminderung und\/oder Schadenersatz, wenn die Reiseleistungen nicht oder nicht ordnungsgem\u00e4\u00df erbracht werden.<\/p>\n<p class=\"p2\">\u2013 Der Reiseveranstalter leistet dem Reisenden Beistand, wenn dieser sich in Schwierigkeiten befindet.<\/p>\n<p class=\"p2\">\u2013 Im Fall der Insolvenz des Reiseveranstalters werden Zahlungen zur\u00fcckerstattet. Tritt die Insolvenz des Reiseveranstalters oder, sofern einschl\u00e4gig, des Reisevermittlers nach Beginn der Pauschalreise ein und ist die Bef\u00f6rderung Bestandteil der Pauschalreise, so wird die R\u00fcckbef\u00f6rderung der Reisenden gew\u00e4hrleistet. M\u00fcckenhausen Busunternehmen GmbH hat eine Insolvenzversicherung abgeschlossen.<\/p>\n<p class=\"p4\"><span class=\"s2\"><b><br \/>\n<\/b><\/span><b>M\u00fcckenhausen Busunternehmen GmbH <\/b><span class=\"s2\"><b>\u2022 <\/b><\/span><b>Industriesiedlung 6-8 \u2022 84140 Gangkofen<\/b><\/p>\n<p class=\"p5\">Gesch\u00e4ftsf\u00fchrer: A. Huber \u2022 Ust-IdNr.: DE812 534 964 \u2022 Handelsregister Landshut, HR B 4728<\/p>\n<p class=\"p5\"><b><br \/>\nNiederlassung Haselbach: <\/b><\/p>\n<p class=\"p5\">M\u00fcckenhausen Busunternehmen GmbH \u2022 Schwarzendachsberg 12 \u2022 94354 Haselbach<\/p>\n<p class=\"p5\"><b>Niederlassung Pfarrkirchen:<\/b><br \/>\nM\u00fcckenhausen Busunternehmen GmbH \u2022 Franz-Stelzenberger-Str. 18 \u2022 84347 Pfarrkirchen<\/p>\n<p class=\"p5\"><b><br \/>\nNiederlassung Deggendorf:<br \/>\n<\/b>Artmeier Bus GmbH &amp; Co. KG \u2022 Mettener Stra\u00dfe 15 \u2022 94469 Degg<span class=\"s3\">endorf<\/span><\/p>\n<p>&nbsp;<\/p>\n","protected":false},"excerpt":{"rendered":"<p>Reisebedingungen Sehr geehrte Kunden, die nachfolgenden Bestimmungen werden, soweit wirksam vereinbart, Inhalt des zwischen Ihnen und M\u00fcckenhausen Busunternehmen GmbH, Industriesiedlung 6-8, 84140 Gangkofen, nachstehend \u201eReiseveranstalter\u201c abgek\u00fcrzt, im Buchungsfall ab dem 01.07.2018 zustande kommenden Pauschalreisevertrages. Sie erg\u00e4nzen die gesetzlichen Vorschriften der \u00a7\u00a7 651a \u2013 y BGB (B\u00fcrgerliches Gesetzbuch) und der Artikel 250 und 252 des EGBGB&#8230;<\/p>\n","protected":false},"author":2,"featured_media":0,"parent":0,"menu_order":0,"comment_status":"closed","ping_status":"closed","template":"","meta":{"footnotes":""},"_links":{"self":[{"href":"https:\/\/mueckenhausen.de\/bus\/wp-json\/wp\/v2\/pages\/2186"}],"collection":[{"href":"https:\/\/mueckenhausen.de\/bus\/wp-json\/wp\/v2\/pages"}],"about":[{"href":"https:\/\/mueckenhausen.de\/bus\/wp-json\/wp\/v2\/types\/page"}],"author":[{"embeddable":true,"href":"https:\/\/mueckenhausen.de\/bus\/wp-json\/wp\/v2\/users\/2"}],"replies":[{"embeddable":true,"href":"https:\/\/mueckenhausen.de\/bus\/wp-json\/wp\/v2\/comments?post=2186"}],"version-history":[{"count":5,"href":"https:\/\/mueckenhausen.de\/bus\/wp-json\/wp\/v2\/pages\/2186\/revisions"}],"predecessor-version":[{"id":2217,"href":"https:\/\/mueckenhausen.de\/bus\/wp-json\/wp\/v2\/pages\/2186\/revisions\/2217"}],"wp:attachment":[{"href":"https:\/\/mueckenhausen.de\/bus\/wp-json\/wp\/v2\/media?parent=2186"}],"curies":[{"name":"wp","href":"https:\/\/api.w.org\/{rel}","templated":true}]}}